ate -17 + 23 - (-2 + 7 - -14).
-13
Calculate 3 - (5 + -1 - 3 - 7).
9
Evaluate 2 + (-43 + 76 - (5 - -1) - -5).
34
What is (-1 - (-1 - -6)) + 12?
6
Evaluate 6 + (31 - 31) + -21.
-15
What is 14 + (-4 - 0) + (16 - (-17 - -31))?
12
What is the value of 4 + 19 + (3 - -3 - 12)?
17
What is the value of -20 + (6 + (1 - 13) - (-18 - -2))?
-10
What is the value of 874 - 883 - (-2 - -1 - -10)?
-18
What is the value of (-4 - (4 - -4)) + (-1 + 8 - 1)?
-6
Calculate -13 + (6 - 22 - -25).
-4
What is 57 + -49 + (-24 - -3) + -4?
-17
Calculate (21 - -9 - 14) + -47.
-31
What is 3 + -20 + 39 + -26?
-4
Calculate (10 - (2 + 2) - (-10 - -13)) + -15.
-12
What is 3 - (11 - (33 - 16)) - 2?
7
What is the value of 8 - 0 - -1 - (1 + -3)?
11
Evaluate (2 - 0 - 1) + -83 + (-31 - -94).
-19
What is 6 - (-3 + (-20 - -31))?
-2
Evaluate 0 - -9 - 0 - (-8 + 48 - 27).
-4
Evaluate (-9 - -1) + -1 + -2 + 10.
-1
(-15 - -17) + -4 + 1 + -23 + 37
13
What is the value of (-2 - (1 + 0)) + 3 - (9 + -16)?
7
What is the value of -7 + (23 - 3 - (-12 + 17))?
8
What is (-2 - (-4 - (13 - 9))) + 1 + -30?
-23
What is the value of 30 + -30 - (-11 + 3)?
8
(-2 - 2 - (-49 - -46)) + (-5 - -1)
-5
What is the value of -2 - ((-2 - -5) + -1 + (-2 - 0))?
-2
(18 - -5 - 11) + (-47 - -5 - 4)
-34
Evaluate (9 - 9) + -2 - 12.
-14
Evaluate 18 + -22 + -3 - 1.
-8
11 + 0 + (-11 - -1)
1
What is the value of 30 + -28 + -22 + (4 - -10)?
-6
What is 4 + -8 + (0 - -5) - 1?
0
12 - (11 - (10 + -12))
-1
What is the value of 6 - ((-4 - -6) + -25 - -11)?
18
(25 - -8) + -30 - (-11 + (3 - 3))
14
(-67 - (-5 + -75)) + -1 + (-2 - -1)
11
What is 13 + 3 + (3 - 4 - 18)?
-3
Evaluate -8 + 0 + 2 + 7 + 9.
10
-7 + 2 + (-1 - -6) + -9 + 7
-2
12 - (9 + 8 + (4 - (6 + 11)))
8
4 + (5 - 1 - (36 + -55))
27
What is the value of -12 - -1 - (11 + -23 + 1)?
0
What is the value of (1 - 9 - (-2 + (2 - 4))) + 14?
10
-7 + -1 - (15 - 28)
5
What is the value of -6 - (1 + (4 - -1) + 14 + -5)?
-21
What is -19 + 39 + -27 + -9?
-16
What is -18 + (33 + -11 - 10)?
-6
What is the value of 0 + 7 + -49 + 42 - (-5 - -2)?
3
Calculate -4 - (-5 + (1 - -3)) - -8 - 7.
-2
Calculate (0 - -1) + (22 - -39) + -93.
-31
Calculate 7 - (-4 + (1 - 2) - (-11 + 3)).
4
What is the value of 12 + (-44 - -6) + 18?
-8
Calculate 32 + 2 - (-31 - -59).
6
What is the value of -5 + (-9 - (-24 + 7)) + -4 + -27?
-28
Calculate 14 + (3 + -12 - (-5 + -15 - 0)).
25
What is (29 - 37) + 17 - -3?
12
What is -7 - (5 - ((-1 - -6) + (-15 - -21)))?
-1
-4 + 3 + -4 - (-8 + 42 + -21)
-18
50 + 1 + -20 + -20
11
Calculate -4 - (0 + 21 - 17) - (1 - 16).
7
What is -22 - (16 - ((13 - -2) + 1))?
-22
Evaluate 3 + (-3 - 11) - (15 - (17 - 4)).
-13
Evaluate 6 + (11 - (2 + 1)).
14
What is 7 - (-5 - (3 + -4)) - 6?
5
Calculate -322 + 336 + 1 + -26.
-11
(-15 - (11 + -7) - -10) + 8
-1
Evaluate -44 + 1 - (-1489 - -1450).
-4
Calculate (-1 - -5) + -2 + (-35 - -31).
-2
Evaluate ((-9 - -7 - 2) + -3 - 6) + 7.
-6
6 - (18 - (-13 - (-26 - -5)))
-4
Evaluate (-2 - (3 + -3 - 3)) + 0 + -4.
-3
What is (9 + 0 - (-18 - -28)) + -12?
-13
2 - 5 - (3 - 2 - 24 - -2)
18
Calculate (37 - 47) + -33 - -15.
-28
What is the value of 4 - (41 + (-2 - 18))?
-17
(1 - 10) + 16 + -16
-9
What is -42 - -8 - (-12 - 43)?
21
What is 0 + (32 + 2 + 10 + -20 - -7)?
31
Calculate -58 + (-19 - -42) - -16.
-19
-5 - (-11 - (-4 + 5)) - 0
7
Calculate -23 - (-1 - 24 - 6).
8
What is (101 - 97) + (0 - -3)?
7
123 + -115 + 0 + -5
3
What is the value of 2 + 0 - 6 - (-210 - -203)?
3
Calculate -20 + 33 - (17 - -1).
-5
Calculate -71 + (25 - (-36 + 22)).
-32
What is the value of -3 + 16 + 14 + -14 + -9?
4
Calculate 116 + -123 - (-1 + -1 + 0 - 11).
6
Calculate 9 + 5 + (0 + 2 - (-34 + 41)).
9
What is -4 + (-28 - -24) - (-25 + (-2 - -2))?
17
Calculate -12 + 8 + -23 + 11 - -20.
4
0 - 1 - ((8 - 13) + -1 - 9)
14
(6 - (15 + -5 + 4)) + (7 - 3)
-4
What is -10 + (-24 - (-26 - -8))?
-16
-3 + -1 + 6 + (122 - 113)
11
What is (1 - 4 - -4) + -9 + 7 + 7?
6
Evaluate -8 + 8 + -6 + (22 - 1).
15
What is -44 + (7 - (-10 + 20)) - -10?
-37
What is 1 + (-3 - -2) + -3 + 9?
6
-30 + -31 + 28 - -42
9
10 - (-2 - -12 - 2)
2
What is the value of -35 + 55 - 19 - (15 - 0)?
-14
2 - -2 - (-16 - -6)
14
What is -22 - -14 - (4 + -1) - 16?
-27
27 + 3 - (-43 + 5 + 53)
15
Evaluate 8 + (-52 - -30) + -1.
-15
Calculate (53 + 8 - 48) + 18.
31
What is the value of (-19 - 0) + (-53 - -71 - 22)?
-23
Calculate (17 - -18) + -36 + 13.
12
5 + (7 - (-2 - -7) - (-8 + 9))
6
Evaluate -8 + 8 + 10 - 21.
-11
Calculate -16 - ((-10 - 0) + -4).
-2
-6 + 8 + (41 - (13 - (9 + -4)))
35
Calculate -79 + (-5 - -41) - -74.
31
What is the value of -44 + 18 + 51 + -24?
1
What is the value of -4 + -17 + 12 + 0 + 1 + 0?
-8
5 - 0 - (6 + 4 - (9 + -11))
-7
What is the value of -10 - (-1 + 11 - (20 + -12 - 7))?
-19
What is the value of (-6 - (-37 + 7)) + -16?
8
Calculate -6 + (4 + -9 - 13).
-24
What is (29 - 25 - -2) + -17?
-11
What is the value of -14 - (-48 - -26) - (1 + 0 - -5)?
2
What is the value of -1 + -5 + 7 + (-3 - 12) + 26?
12
What is (8 - (21 - 13) - 18) + -2?
-20
Calculate (1215 - 1202) + -2 + 0 + (-1 - -2).
12
What is the value of (-16 - 3) + -260 + 276?
-3
What is (-367 - -348) + 0 + -2 + (0 - -9)?
-12
Calculate 247 + -253 + (0 - -1 - 9).
-14
What is -19 + 0 + -215 + 222 + 22?
10
Evaluate 10 + -1 - (35 - (65 - 48)).
-9
Evaluate (266 - 275) + 1 + -1 + 3.
-6
What is the value of 9 + -3 - 2 - (-1 - (-11 - -24))?
18
What is -71 + 59 - (-8 - (3 - 0))?
-1
Evaluate -9 + 18 - 20 - -13.
2
What is the value of -32 - -31 - (-2 + 3 + -3 + 5)?
-4
What is the value of (-27 - -5 - 2) + 9 + 1?
-14
What is the value of (-15 - 4) + (23 - 17)?
-13
0 + 12 - 10 - 5 - -13
10
What is the value of 0 - ((-3 + 0 + 4 - 4) + 1)?
2
19 + (16 - -2 - (-4 + 11))
30
Evaluate 7 - (1 - (-3 - 2)).
1
What is 74 + -35 + -90 + 27?
-24
Evaluate 13 - (43 - (-10 + 28)).
-12
Evaluate (-951 - -943) + (1 - -11).
4
-13 + 6 - -13 - (0 - (-1 + 1))
6
What is the value of (-18 - -48) + -11 + 1 + 13 + -9?
24
Calculate (0 - -2 - -17) + -36 + 21 + 23.
27
-8 + (-2 - (6 - 47) - 6) + 8
33
(-5 + (-9 - -6) - -1) + 0
-7
What is the value of (-9 - 1 - (-6 - -23 - 23)) + -12?
-16
What is 3 + 8 + (8 - (-22 + 15))?
26
-7 + -2 + 6 + -3 - (5 + -8)
-3
What is 2 - (2 + 14) - (3 + -4)?
-13
2 + 16 + -5 + -17 - -14
10
Calculate (-122 - -127) + -18 + 1.
-12
Calculate -2 + -1 + 30 + 0 + 2 + -11.
18
What is the value of 1 + (-30 - -26 - -11)?
8
What is -1 - (17 + -6) - 4?
-16
-28 + 32 - (0 - (1 - (0 - 1)))
6
Calculate 3 - 0 - (-54 - -55).
2
What is (-3 - -30) + (8 - (-10 + 28))?
17
What is the value of (-2 - -14 - (80 + -64)) + 17?
13
What is the value of -33 - -29 - (3 - -1 - 4) - 1?
-5
-1 + -2 + (-13 - (6 - (-11 - -26)))
-7
What is the value of 10 - 4 - (-8 + (12 - 11))?
13
-8 + 9 + 0 + (1 - (-6 - 2))
10
What is the value of (-55 - (-11 - 16)) + 18?
-10
Evaluate 9 - (-9 + 10 - (-1 + 3)).
10
What is 14 + -17 + 11 + -27?
-19
What is the value of 6 + 7 + (6 - 21)?
-2
What is the value of 11 + -13 + (-42 - (-6 - 7))?
-31
What is the value of 8 + -48 + 39 + -33?
-34
What is the value of (163 - 182) + (24 - -1) - 29?
-23
Evaluate -6 + 21 + -28 - -15.
2
Evaluate -9 - (-24 - (2 - 18)).
-1
Evaluate -11 + (1 + 8 - 0) + -12.
-14
Evaluate -22 + 23 + 31 - 19.
13
Calculate 17 - (8 - 0) - 11.
-2
What is -2 - (3 + 7 - (1 - 3))?
-14
Evaluate 2 - 2 - (-23 - -28) - -6.
1
14 - 20 - (5 + (0 - (4 + -7)))
-14
Calculate 10 - (-6 - (4 + 5 + -35)).
-10
What is 10 + 61 + -53 + 3 + (4 - 18)?
7
Evaluate -4 - 3 - ((-18 - 1) + 20).
-8
Calculate (22 - (52 - 23)) + (-3 - -3).
-7
Evaluate 17 - (46 + -11 + (13 - 2)).
-29
(4 - 26) + 10 + 4
-8
(-14 + -1 - (-6 - -46)) + 20
-35
Evaluate (-3 - 1) + -5 + (9 - 9 - 20).
-29
1 - (41 + 1) - -66
25
Evaluate 54 - 24 - 22 - (1 + 1).
6
What is -1 + (-4 - 2 - -3) + 6?
2
8 + 24 + 6 + -23
15
(-16 - -1) + (69 - 55) + -14
-15
Calculate 9 + 5 + -22 + (-4 - (1 + 2)).
-15
Calculate (7 - 17) + -2 + 15 + -13.
-10
What is (1 - (2 + -2)) + 1?
2
Evaluate 586 + -561 + 1 + -25.
1
Calculate (-15 - (-36 + 1)) + -18.
2
Evaluate 4 - 4 - 3 - (-3 - -2).
-2
Evaluate 21 + (-29 - (42 + -37)).
-13
What is the value of (4 - 1) + (-12 - -16) + -1 - -8?
14
Calculate -4 + (32 - 21) + -17 + -3.
-13
Evaluate 10 + -1 + -2 + -3 + -2.
2
Evaluate -5 - -9 - -14 - (5 - -1).
12
What is the value of (52 - 33) + 3 + -35?
-13
Calculate (19 - (-5 + 5)) + -